- 31*l - 194. Give x(-8).
630
Let y(b) = -15*b**2 + 6258*b + 6263. Calculate y(-1).
-10
Let l(b) = 37*b**2 - 17637*b + 88173. Calculate l(5).
913
Let r(f) = f**3 + 92*f**2 + 615*f - 6683. Give r(-14).
-5
Let i(f) = f**3 - 281*f**2 - 677*f + 111384. Calculate i(282).
-6
Let p(u) = -18001*u - 486006. Calculate p(-27).
21
Let z(f) = -2678*f - 10101. Give z(-5).
3289
Let t(y) = -54*y**2 - 1191*y - 88. What is t(-22)?
-22
Let q(l) = 9*l**3 - 76*l**2 - 247*l + 1824. Calculate q(9).
6
Let t(g) = -1185*g**2 - 5941*g + 15. Give t(-5).
95
Let n(y) = 95979*y - 95987. Determine n(1).
-8
Let x(m) = -2*m**2 - 124*m - 1833. What is x(-37)?
17
Let a(o) = o**3 + 700*o**2 + 27666*o + 19728. Give a(-658).
-12
Let z(x) = -31*x**2 - 254*x + 201. Calculate z(-9).
-24
Let a(r) = -15*r**2 - 648*r - 5244. Calculate a(-8).
-1020
Let w(u) = 1143*u**2 - 2340*u + 80. What is w(2)?
-28
Let p(a) = -2*a**3 + 467*a**2 - 19145*a + 657. What is p(53)?
21
Let c(j) = 182*j**2 + 3082*j - 27. Give c(-17).
177
Let h(s) = s**2 + 3318*s - 49999. What is h(15)?
-4
Let p(v) = 23*v**2 - 898*v + 917. What is p(38)?
5
Let q(j) = -2*j**3 + 426*j**2 - 476*j + 101397. Calculate q(213).
9
Let r(s) = -s**3 - 1883*s**2 - 7492*s + 10. What is r(-4)?
-86
Let k(z) = 2*z**3 + 31*z**2 + 475*z + 6897. Determine k(-15).
-3
Let x(v) = 3*v**2 - 307*v - 3553. Calculate x(-12).
563
Let u(l) = -29448*l - 589097. What is u(-20)?
-137
Let t(h) = 2*h**3 - 186*h**2 - 1614*h + 151. Determine t(101).
353
Let u(o) = 198*o**2 + 994*o + 27. What is u(-5)?
7
Let k(b) = -4545*b + 1604398. What is k(353)?
13
Let f(z) = z**2 - 8767*z - 96397. Determine f(-11).
161
Let a(x) = -49*x**2 - 4083*x + 2774. Calculate a(-84).
2
Let b(k) = 6224*k + 145311. Calculate b(-23).
2159
Let i(r) = 2*r**2 + 1705*r - 3409. Determine i(2).
9
Let v(y) = -15*y**2 - 1485*y - 36457. Give v(-54).
-7
Let o(n) = n**2 - 676*n + 4079. Determine o(6).
59
Let s(r) = 3*r**2 + 679*r + 21008. Give s(-37).
-8
Let c(y) = 42*y**3 + 878*y**2 - 84*y + 43. Calculate c(-21).
43
Let j(x) = 13*x**3 + 17*x**2 + 180*x + 400. Determine j(-3).
-338
Let l(o) = -240*o**2 - 4728*o - 127. Determine l(-20).
-1567
Let n(d) = -4*d**2 - 11188*d - 837754. Calculate n(-77).
6
Let d(s) = -2*s**2 + 118*s + 1526. What is d(73)?
-518
Let d(n) = 3585*n**2 - 1156*n + 1155. Determine d(1).
3584
Let k(i) = 34*i**3 - 99*i**2 + 151*i - 465. Give k(3).
15
Let d(q) = 5*q**3 - 674*q**2 - 141*q + 284. What is d(135)?
-526
Let g(c) = 545*c + 43185. Calculate g(-79).
130
Let v(t) = -t**3 - 33*t**2 - 217*t + 632. Give v(-21).
-103
Let g(f) = 3*f**3 + 3093*f**2 + 51716*f + 1866. Give g(-1014).
-162
Let o(y) = 6*y**2 + 1170*y + 15027. What is o(-181)?
-177
Let v(d) = 7*d**2 - 371*d + 4887. What is v(28)?
-13
Let l(f) = 19*f**2 - 128*f - 257. Give l(-2).
75
Let g(d) = 1117*d**2 + 10608*d - 5623. Determine g(-10).
-3
Let z(d) = -221427*d - 664285. What is z(-3)?
-4
Let r(y) = 17393*y + 22837016. Determine r(-1313).
7
Let l(v) = -1670*v - 746487. Calculate l(-447).
3
Let m(u) = 3*u**3 - 79*u**2 - 445*u - 295. Calculate m(-4).
29
Let h(n) = -n**3 - 16*n**2 + 3538*n + 358. Calculate h(52).
462
Let s(v) = -2*v**3 + 329*v**2 - 1302*v + 21. Determine s(4).
-51
Let z(k) = 1890*k**2 + 18699*k - 2002. Calculate z(-10).
8
Let c(f) = -18*f**2 + 69*f - 100. Calculate c(9).
-937
Let o(h) = 2*h**2 - 285*h - 14235. Give o(-39).
-78
Let r(w) = 2*w**3 - 3*w**2 - 179*w - 98. Determine r(11).
232
Let a(c) = 8*c**3 - 744*c**2 - 3*c + 286. Give a(93).
7
Let f(t) = -509*t - 57705. Determine f(-114).
321
Let h(r) = 72635*r**2 - 72589*r - 43. Calculate h(1).
3
Let m(s) = 1213*s + 54364. Calculate m(-45).
-221
Let a(w) = -2*w**2 + 1966*w - 472677. What is a(564)?
-45
Let a(p) = 66*p - 34964. Determine a(530).
16
Let z(m) = 615*m**2 - 491*m - 110. Give z(1).
14
Let o(x) = -4*x**2 + 2120*x + 8516. What is o(-4)?
-28
Let r(v) = -2*v**3 + 22*v**2 - 404*v + 4451. Determine r(11).
7
Let k(h) = h**3 + 731*h**2 + 77185*h + 656. Determine k(-603).
53
Let u(l) = 23*l + 2506. Calculate u(-114).
-116
Let f(x) = -17372*x**2 - 86833*x + 144. What is f(-5)?
9
Let u(p) = -p**2 - 128*p + 801. What is u(-133)?
136
Let h(s) = 109*s**2 + 7760*s + 1485. Calculate h(-71).
-6
Let z(u) = 3529*u + 38705. Determine z(-11).
-114
Let d(w) = -2*w**3 - 1252*w - 6246. What is d(-5)?
264
Let k(j) = j**2 + 245*j + 13492. Give k(-98).
-914
Let a(p) = 17*p + 726. Determine a(-35).
131
Let w(j) = 1100*j - 180. Calculate w(-2).
-2380
Let c(r) = 16*r**2 + 16278*r + 861393. Give c(-56).
1
Let t(c) = -c**2 - 3660*c + 639037. Calculate t(167).
-72
Let s(l) = -12*l**3 - 1012*l**2 - 2042*l - 22. Give s(-2).
110
Let j(h) = -h**3 - 71*h**2 - 562*h - 239. What is j(-62)?
9
Let l(z) = 3*z**2 - 133*z - 2752. What is l(-16)?
144
Let u(x) = 3*x**2 - 76*x + 641. Give u(19).
280
Let f(m) = 28*m**2 + m - 602. Calculate f(8).
1198
Let b(c) = c**3 + 821*c**2 - 1172*c - 287669. Calculate b(-822).
31
Let f(l) = l**3 - 111*l**2 + 522*l + 696. Calculate f(106).
-152
Let r(y) = y**2 - 1750*y + 311858. Calculate r(202).
-838
Let g(k) = 2*k**3 - 5*k**2 + 25*k - 302. Calculate g(8).
602
Let n(b) = 3005*b - 18028. What is n(6)?
2
Let j(d) = -65*d**2 + 162*d + 1. Determine j(5).
-814
Let r(n) = 302*n**2 + 1956*n - 20. Give r(-7).
1086
Let j(h) = 2182*h**2 + 41450*h - 98. Determine j(-19).
54
Let m(t) = -2*t**3 - 310*t**2 - 11002*t - 208. What is m(-100)?
-8
Let u(i) = 4684*i - 127189. Determine u(27).
-721
Let g(i) = -118068*i - 40. Determine g(0).
-40
Let j(i) = -i**3 + 1242*i**2 - 23213*i - 29332. Determine j(1223).
20
Let g(h) = -929*h - 50488. Give g(-59).
4323
Let f(b) = 404*b - 26693. Give f(66).
-29
Let m(p) = -135*p + 19100. Determine m(141).
65
Let y(p) = -40485*p + 485828. What is y(12)?
8
Let m(s) = s**2 - 148550*s - 1337007. Calculate m(-9).
24
Let n(q) = -4*q**3 + 24*q**2 + 19*q + 5. Give n(8).
-355
Let s(q) = 3*q**2 + 4958*q + 231070. What is s(-48)?
-2
Let o(x) = -12*x**3 + 126*x**2 - 54*x + 20. Determine o(10).
80
Let c(k) = k**2 - 389*k - 29412. Give c(-62).
-1450
Let u(r) = r**3 + 326*r**2 + 24882*r - 685. Give u(-122).
47
Let n(z) = -2*z**2 + 19585*z + 392508. Give n(-20).
8
Let c(w) = 4*w**3 + 64*w**2 + 40*w + 68. Determine c(-14).
1076
Let j(t) = 2*t**3 - 12*t**2 - 7614*t + 89642. What is j(12)?
2
Let i(a) = 57*a**2 - 1616*a - 67. What is i(27)?
-2146
Let l(u) = -5*u**2 - 19896*u - 553159. Determine l(-28).
9
Let z(d) = -624*d**3 - 4*d**2 + 862*d - 861. Determine z(1).
-627
Let a(x) = -244*x + 1103. Give a(5).
-117
Let q(c) = -17*c**3 - 1381*c**2 - 321*c - 6. What is q(-81)?
-249
Let i(o) = o**3 + 47*o**2 + 177*o + 156. What is i(-43)?
-59
Let v(o) = 47*o**3 + o**2 + 7*o + 21. Determine v(-3).
-1260
Let m(q) = 116450*q - 1164477. Give m(10).
23
Let w(i) = 995796*i + 8962152. Determine w(-9).
-12
Let m(g) = -g**3 - 75*g**2 + 137*g - 21041. Calculate m(-80).
-1
Let p(k) = -22*k**3 - 54*k**2 + 37*k + 387. What is p(3)?
-582
Let b(h) = 11*h**2 + 611*h - 58053. Calculate b(50).
-3
Let d(j) = -71*j**3 + 5*j**2 - 50*j - 51. What is d(-1)?
75
Let v(h) = -2476*h - 86556. Determine v(-35).
104
Let i(j) = 43804*j - 43805. Calculate i(1).
-1
Let i(c) = -9*c**2 + 3*c + 49. Determine i(-8).
-551
Let i(y) = 9457*y**2 + 56779*y + 211. Determine i(-6).
-11
Let t(v) = -26*v**2 - 321*v + 20. Give t(-14).
-582
Let q(v) = 59*v**2 - 391*v + 493. What is q(5)?
13
Let v(g) = -7*g**2 - 61*g + 273. Determine v(4).
-83
Let n(v) = -18*v**2 + 3134*v + 36265. Calculate n(185).
5
Let h(f) = 31*f - 1261. Calculate h(49).
258
Let h(v) = 41*v + 323. Give h(-31).
-948
Let b(t) = 57*t**2 + 145*t - 906. Calculate b(0).
-906
Let f(b) = b**3 + 148*b**2 + 3073*b - 234. Give f(-123).
12
Let o(t) = 6866*t - 514952. Give o(75).
-2
Let s(v) = 1409*v + 263471. Calculate s(-187).
-12
Let w(k) = -54*k**3 - 4*k**2 + 30*k + 64. Determine w(-2).
420
Let f(z) = 67213*z - 201825. What is f(3)?
-186
Let i(h) = -112*h**2 + 28*h - 83. Calculate i(3).
-1007
Let g(r) = -4128*r - 4184. Give g(-1).
-56
Let x(b) = 276165*b + 276090. What is x(-1)?
-75
Let r(q) = -45118*q + 406567. What is r(9)?
505
Let v(j) = -2*j**2 + 8144*j + 97993. Give v(-12).
-23
Let z(m) = -100*m + 19889. Calculate z(195).
389
Let c(o) = 2*o**3 + 1455*o**2 - 17007*o - 7399. What is c(-739)?
-9
Let u(n) = -4*n**2 - 1958*n + 30261. Calculate u(15)